73 + -1?
-1902c74
In base 9, what is 17538 - -58372?
77021
In base 9, what is 4 - -10277042?
10277046
In base 8, what is -531 - -401?
-130
In base 7, what is 1 - -515042453?
515042454
In base 6, what is 344124412 - 330?
344124042
In base 9, what is 7450 - -3106?
11556
In base 11, what is -5 - -1303a8a00?
1303a89a6
In base 11, what is -11637216 + 2?
-11637214
In base 8, what is 2145431315 + -1?
2145431314
In base 12, what is 2 + -a0064?
-a0062
In base 2, what is -101 + -11010001000001000100000?
-11010001000001000100101
In base 10, what is -206393 + -18?
-206411
In base 3, what is 1221201 + -11011211022?
-11002212121
In base 16, what is -1d4d - -de2?
-f6b
In base 8, what is 606 - 100451?
-77643
In base 11, what is 11 + 1484607?
1484618
In base 2, what is 1010100 + -101010111101111001?
-101010111100100101
In base 13, what is 2922 - 1bac?
a43
In base 8, what is 3 + 7444447?
7444452
In base 9, what is -5 - 1056510?
-1056515
In base 2, what is 10010110110100001100 + 10001?
10010110110100011101
In base 8, what is 4041261 + -10?
4041251
In base 12, what is 153 + -149629?
-149496
In base 6, what is 104024 - -314?
104342
In base 10, what is -2668 + -1980?
-4648
In base 8, what is 0 - -1723461252?
1723461252
In base 2, what is -101111001 - -100110011101111010?
100110011000000001
In base 10, what is -60862 + 80?
-60782
In base 13, what is -12817 + 58?
-1278c
In base 10, what is 218288 - -706?
218994
In base 10, what is -246924 + -440?
-247364
In base 5, what is -4 + 2044331414?
2044331410
In base 8, what is -123 + -76552?
-76675
In base 4, what is -102230 - -132333231?
132231001
In base 3, what is 11222221001222 - -2211?
11222221011210
In base 5, what is -22142342333 - 4?
-22142342342
In base 4, what is 10 - -112031100?
112031110
In base 11, what is -1272 + -a3195?
-a4457
In base 2, what is 11011001 - 11001100001111110010?
-11001100001100011001
In base 13, what is -2743b6 - -150?
-274266
In base 14, what is -a49bcd - 4?
-a49bd3
In base 13, what is c + 156893?
1568a2
In base 11, what is 147 + 4468?
4604
In base 16, what is 149c9b + 299?
149f34
In base 5, what is -10012043 + -10300?
-10022343
In base 16, what is 5 + 3a4fc5?
3a4fca
In base 16, what is -ae41 - a?
-ae4b
In base 2, what is 0 - 11001011101111111110001000?
-11001011101111111110001000
In base 2, what is 1111010110 + -1111000?
1101011110
In base 16, what is -a2 - be71?
-bf13
In base 10, what is -77842 + 918?
-76924
In base 4, what is -1320203001223 - 3?
-1320203001232
In base 8, what is -545 + -12722?
-13467
In base 11, what is -2 + -1664150?
-1664152
In base 10, what is -18282201 - 7?
-18282208
In base 13, what is -2 - -2715c7?
2715c5
In base 4, what is 12022 - 11201022?
-11123000
In base 11, what is -1 - 21886638?
-21886639
In base 7, what is 36 + 346663?
350032
In base 4, what is 31 - 3213023032?
-3213023001
In base 8, what is 206170304 - 10?
206170274
In base 7, what is 415510 + -353?
415124
In base 14, what is 6347 - 54?
62d3
In base 3, what is 21021 - 2200122211?
-2200101120
In base 8, what is -37 + -41737370?
-41737427
In base 15, what is -72a - -47ec6?
4779b
In base 8, what is 105615 - -106?
105723
In base 13, what is -3 + -65c7174?
-65c7177
In base 10, what is 18 + 33881?
33899
In base 8, what is -300742 + -347?
-301311
In base 5, what is 143341203 - -1123?
143342331
In base 7, what is 25631 - 22253?
3345
In base 14, what is 3d9387 + 4?
3d938b
In base 6, what is -2543502323 + -4?
-2543502331
In base 16, what is 2c41 - -11c?
2d5d
In base 2, what is 100111001100 + -101000111100?
-1110000
In base 8, what is 6057513 - -32?
6057545
In base 9, what is -26643 - -541?
-26102
In base 16, what is 5d7 + 1fd8?
25af
In base 13, what is 227 - -608c?
62b6
In base 8, what is -2510335 - 3?
-2510340
In base 12, what is 1bb8 + 1a601?
205b9
In base 4, what is 20011102212322 + 10?
20011102212332
In base 2, what is 111 - -10101001011010100011100?
10101001011010100100011
In base 15, what is 228b91 + 3a?
228bcb
In base 8, what is 3756 - -1047?
5025
In base 13, what is -4747b + 2051?
-4542a
In base 12, what is 31a - 5a148?
-59a2a
In base 13, what is 524 - 27795?
-27271
In base 16, what is 1a2d + 48bd?
62ea
In base 4, what is 1313320233202 - 23?
1313320233113
In base 5, what is 2400431311 + -101?
2400431210
In base 15, what is -5a69b - -58?
-5a643
In base 4, what is -333 + 1202133223?
1202132230
In base 16, what is -9c4 - -2735?
1d71
In base 15, what is 2c385 - 94?
2c2e1
In base 16, what is 99b6 + -43?
9973
In base 14, what is -15a + -39143?
-3929d
In base 2, what is -101110001110001110101111100 + 11?
-101110001110001110101111001
In base 9, what is -10513871 - -13?
-10513857
In base 4, what is 3212012200113 + -10?
3212012200103
In base 4, what is 1112003132100 - 103?
1112003131331
In base 9, what is -7 - 33367003?
-33367011
In base 13, what is -a - -149592?
149585
In base 7, what is 6005116 - -16?
6005135
In base 7, what is -5544503 - -3?
-5544500
In base 3, what is -11122 + -12110202000222?
-12110202012121
In base 6, what is -223 - 5552024?
-5552251
In base 7, what is 2 - -151114524?
151114526
In base 2, what is 110011101000100111000011 + 1?
110011101000100111000100
In base 16, what is 61014 + e?
61022
In base 16, what is -5 + 4a5cd?
4a5c8
In base 8, what is -5 - 5124736?
-5124743
In base 4, what is -110101 + 10301202?
10131101
In base 3, what is -202000020022200211 + 10?
-202000020022200201
In base 15, what is -10b0 - 26736?
-277e6
In base 8, what is 1337361 + 2067?
1341450
In base 9, what is -2 - 21665016?
-21665018
In base 15, what is -1 - 58bd23?
-58bd24
In base 5, what is -22403 - -111042214?
111014311
In base 15, what is -4b99 + ba?
-4ace
In base 2, what is 101010010 - -10111010100101?
10111111110111
In base 9, what is -11 - 1580060?
-1580071
In base 5, what is 22301 - 1331302?
-1304001
In base 15, what is 2715 + 2c3?
29d8
In base 7, what is 1 - -13355132?
13355133
In base 4, what is 133200 - 2120130?
-1320330
In base 5, what is -3 + 212120433244?
212120433241
In base 2, what is 101 - 1100000000110111110111001?
-1100000000110111110110100
In base 12, what is 27768b5 - -5?
27768ba
In base 14, what is 122b + 252a1?
264cc
In base 15, what is -1 - -8bd3e07?
8bd3e06
In base 11, what is 8206424 - -a?
8206433
In base 12, what is -1bb75b + -35?
-1bb794
In base 3, what is -110021002 + -102121?
-110200200
In base 16, what is e3 + -def5?
-de12
In base 9, what is 523337 + 47?
523385
In base 7, what is 26 - 33135020?
-33134661
In base 11, what is -1269a - -7160?
-653a
In base 16, what is -6 + 1851896?
1851890
In base 2, what is 10100110010010 - -1111111110001001?
10010100100011011
In base 15, what is 7c - -c3e16?
c3e93
In base 9, what is -41 - 64270310?
-64270351
In base 3, what is -10 - -1120220211212110?
1120220211212100
In base 8, what is 677 - 131252?
-130353
In base 7, what is 110 + -25466253?
-25466143
In base 10, what is 300 + 8009?
8309
In base 3, what is -102122100 + 22010?
-102100020
In base 11, what is a9576 - -1868?
100333
In base 3, what is 121120010120111 - 1000?
121120010112111
In base 6, what is 1 + -153513?
-153512
In base 14, what is -6 + -223632?
-223638
In base 15, what is -894c3 + -3?
-894c6
In base 10, what is -971 + 223551?
222580
In base 16, what is -a + 11121c?
111212
In base 13, what is 4827745 - 1?
4827744
In base 14, what is -6310579 + 1?
-6310578
In base 4, what is 0 - -11232210331?
11232210331
In base 8, what is -4 - -6713107?
6713103
In base 9, what is 122410150 + -5?
122410144
In base 7, what is 10 - 3065555?
-3065545
In base 4, what is 201133 + -211112203?
-210311010
In base 8, what is 664575 + -242?
664333
In base 3, what is 201 + -1111100202200?
-1111100201222
In base 9, what is -1 - 8645772?
-8645773
In base 13, what is 1bc9318 - -2?
1bc931a
In base 3, what is -111121 - -2121221202?
2121110011
In base 11, what is a5a5077 - -1?
a5a5078
In base 4, what is 13303122 + 322302?
20232030
In base 16, what is e71c - -11?
e72d
In base 7, what is 652 - -126265?
130250
In base 11, what is -6 - -31602914?
31602909
In base 5, what is 31043100 + -324?
31042221
In base 3, what is 1001111100110 - -12221?
1001111120101
In base 16, what is -ff1d38 + 9?
-ff1d2f
In base 3, what is -220 + 20121210011?
20121202021
In base 11, what is 16579939 - 5?
16579934
In base 15, what is 21eeaa5 - 5?
21eeaa0
In base